- -128236814?
128236813
In base 6, what is 22 - 5250132?
-5250110
In base 15, what is -2 + 697a90?
697a8d
In base 9, what is -2 - -4824673?
4824671
In base 12, what is 0 + 24631032?
24631032
In base 3, what is -1 + -21211020012020?
-21211020012021
In base 2, what is -11001001100000100110 + -1?
-11001001100000100111
In base 11, what is 3327386 + 7?
3327392
In base 10, what is -231 - -64756?
64525
In base 15, what is 5ce44 - d8?
5cd5b
In base 16, what is -4 - -13287c76?
13287c72
In base 8, what is 260262 + -1?
260261
In base 16, what is 50 - -2afab?
2affb
In base 13, what is -20 - -6a1b23?
6a1b03
In base 16, what is -666d + -c?
-6679
In base 3, what is -20121 - 201002112022?
-201002202220
In base 12, what is 0 + -1198513?
-1198513
In base 12, what is 3212 + -7337?
-4125
In base 8, what is 1 + -16313525?
-16313524
In base 2, what is -101 - -11000110110000011110?
11000110110000011001
In base 16, what is 4 + -7244234?
-7244230
In base 7, what is -46 - 101652?
-102031
In base 12, what is 803 + 16995?
17598
In base 4, what is -3113 - 11130331211?
-11131000330
In base 7, what is -3 + -2016412023?
-2016412026
In base 3, what is -120022 + 202200221000?
202200100201
In base 15, what is 3e2a088 - 2?
3e2a086
In base 11, what is -2 + 9920aa?
9920a8
In base 14, what is -15d0 + -8b7?
-20a7
In base 10, what is -16614 + 732?
-15882
In base 4, what is -10313 - -30312233?
30301320
In base 9, what is 13383801 - 2?
13383788
In base 5, what is -1101444400 + -24?
-1101444424
In base 15, what is 2c1 + c07?
ec8
In base 16, what is 1 - 4e384f?
-4e384e
In base 7, what is 121544222 - 61?
121544131
In base 13, what is -a + -444333?
-444340
In base 12, what is -3 - -11b5a30?
11b5a29
In base 13, what is 1b - -9859?
9877
In base 16, what is -3c82 + 993?
-32ef
In base 15, what is ddd54 - -6?
ddd5a
In base 5, what is 400201 - 4244?
340402
In base 9, what is -20384 - -45607?
25213
In base 16, what is 14 - -42b75d?
42b771
In base 4, what is -123210 - -12113322?
11330112
In base 12, what is 96650b + 11?
966520
In base 8, what is 44467 + -633?
43634
In base 9, what is -3 + 3386236?
3386233
In base 14, what is 63 + -4c61d0?
-4c616b
In base 6, what is -2335445 + -504?
-2340353
In base 13, what is 12c - 10463a?
-10450b
In base 9, what is -4415 + 51207?
45682
In base 14, what is 2bd779 + 2?
2bd77b
In base 12, what is 1818 + b6989?
b85a5
In base 14, what is 5 + -7717b8?
-7717b3
In base 5, what is 134432301411 + 0?
134432301411
In base 8, what is -362 - 16477?
-17061
In base 6, what is -22521225 - 441?
-22522110
In base 13, what is 546 + b146?
b68c
In base 14, what is -1 - -1a8c605?
1a8c604
In base 11, what is -103626 + 1917?
-10180a
In base 2, what is 110000010110100100011011011 + 101?
110000010110100100011100000
In base 8, what is 76367 + 54?
76443
In base 3, what is 1222011100 + 200122?
1222211222
In base 11, what is -254 - -5525?
5281
In base 9, what is 3 + -605822?
-605818
In base 12, what is 430bb5 - 5b?
430b56
In base 15, what is -1ae + 4e46?
4c87
In base 15, what is 3 + -420ccb5?
-420ccb2
In base 16, what is -274 - 194988?
-194bfc
In base 7, what is 1220 + 124456?
126006
In base 8, what is 511655271 - -2?
511655273
In base 9, what is 803410770 - 6?
803410763
In base 9, what is 43 + 111436?
111480
In base 3, what is 11 - 1022002110002212?
-1022002110002201
In base 15, what is 0 - 42c33c2?
-42c33c2
In base 5, what is -24 - 22313331032?
-22313331111
In base 11, what is 3043a182 - 1?
3043a181
In base 8, what is 34236552 - 5?
34236545
In base 4, what is 2031 - 130201?
-122110
In base 8, what is -213521477 - -6?
-213521471
In base 12, what is 84b6 + 6752?
13048
In base 5, what is 1 - -13041041204?
13041041210
In base 6, what is 12 + 35101450?
35101502
In base 11, what is -1 + -8a301271?
-8a301272
In base 6, what is -1525410 - 514?
-1530324
In base 5, what is 133012022 + 1?
133012023
In base 9, what is 4 - -24117883?
24117887
In base 10, what is 8462 + -95565?
-87103
In base 15, what is 207b32 - 9?
207b28
In base 8, what is -1176114 - 71?
-1176205
In base 3, what is 121012 - 21101222?
-20210210
In base 6, what is -2250 - 135514?
-142204
In base 8, what is -45125 + -772?
-46117
In base 10, what is -1701950 + 1?
-1701949
In base 9, what is -501 + -475573?
-476174
In base 2, what is 1110111101010101000110011 - 10100?
1110111101010101000011111
In base 8, what is -5 + 2004676332?
2004676325
In base 15, what is 1b879a - 5?
1b8795
In base 9, what is 3284 - 13008?
-8614
In base 4, what is -1021332213132 + -2?
-1021332213200
In base 4, what is 20212221212 + 3?
20212221221
In base 9, what is 21588 - -370?
22068
In base 2, what is 10111100 + -111010110001101?
-111010011010001
In base 9, what is 2 - -63864360?
63864362
In base 5, what is -33 + 12321013?
12320430
In base 8, what is 342771702 - -6?
342771710
In base 11, what is -a0 - -172197?
1720a7
In base 16, what is -20f746 + -21?
-20f767
In base 4, what is 30121 + -2120031322?
-2120001201
In base 4, what is 1222132 - 323101213?
-321213021
In base 2, what is -100 + -101011011010111000110?
-101011011010111001010
In base 6, what is 124132502 - 0?
124132502
In base 16, what is -313a299 + 3?
-313a296
In base 9, what is 382 + -310171?
-308678
In base 12, what is 276 + -21a3?
-1b29
In base 4, what is -1103013221 - -12301?
-1103000320
In base 9, what is -263840 + 4462?
-258367
In base 13, what is 98a5 - 36b?
9537
In base 9, what is -2373477 - 606?
-2374184
In base 12, what is -7369602 - -1?
-7369601
In base 11, what is 628244 + -110?
628134
In base 11, what is -168a4 + 255?
-1664a
In base 4, what is 11132202331 + -3?
11132202322
In base 4, what is 1 - 3031311223?
-3031311222
In base 11, what is 508 + -1a10?
-1503
In base 9, what is 2883 + 1110?
4103
In base 11, what is 3892 - 5?
3888
In base 5, what is 2 - -11220343121?
11220343123
In base 7, what is 16134342 + -21?
16134321
In base 12, what is 167b5205 - 1?
167b5204
In base 8, what is -4 + 1160741546?
1160741542
In base 11, what is 1008 + -875?
243
In base 7, what is -21 + -36051161?
-36051212
In base 4, what is -2302111313203 + -2?
-2302111313211
In base 11, what is a05875 + -8?
a05868
In base 16, what is 21d - -42e9?
4506
In base 6, what is 3 - -230233345?
230233352
In base 2, what is -111101001110111001 - 100000?
-111101001111011001
In base 7, what is 4 - -21466001?
21466005
In base 16, what is -6f - -1346d2?
134663
In base 6, what is 31133 - 23?
31110
In base 12, what is 137 + 49b7a?
4a0b5
In base 2, what is -1101110000011 + -10001010111010?
-11111000111101
In base 10, what is 9 - -2329690?
2329699
In base 6, what is -1125443 - 2222?
-1132105
In base 15, what is -dc - -9cdbb?
9ccce
In base 13, what is -3a6 - 789a?
-7c73
In base 10, what is 7 + -19111472?
-19111465
In base 10, what is -4 - 22538164?
-22538168
In base 5, what is 3 - -3140221300?
3140221303
In base 8, what is 51753507 + -45?
51753442
In base 9, what is 165 - -8801?
10066
In base 15, what is a41 - -4950c?
4a04d
In base 6, what is -1 + 145002453?
145002452
In base 2, what is 11000011111 - -1011111001111111011?
1011111101000011010
In base 4, what is -1 + 2330103120021?
2330103120020
In base 7, what is -350052 + 235?
-346514
In base 3, what is 10101001101100 - -21?
10101001101121
In base 5, what is -144102201400 - 1?
-144102201401
In base 16, what is -4bb1844 - -3?
-4bb1841
In base 10, what is 9 - -15726663?
15726672
In base 11, what is 2309a390 - -13?
2309a3a3
In base 13, what is 4a430 - -376?
4a7a6
In base 11, what is -10 + 171a282?
171a272
In base 10, what is -49 - -94823?
94774
In base 14, what is -116175 - -4?
-116171
In base 14, what is -9d0c - 2c2?
-a1d0
In base 6, what is 3524300403 + -3?
3524300400
In base 3, what is 201011120120 + 10000021?
201021120211
In base 13, what is 11855c21 + -5?
11855c19
In base 7, what is 16165653 - 124?
16165526
In base 8, what is 23675634 - -17?
23675653
In base 5, what is 1240343023 + -20?
1240343003
In base 5, what is -43111101 - -122?
-43110424
In base 13, what is -2137221 - -6?
-2137218
In base 10, what is -170 + 280266?
280096
In base 5, what is 20412314323 + 40?
20412314413
In base 2, what is 10111 - 1001110100010100011011?
-1001110100010100000100
In base 8, what is -7061 + -5054?
-14135
In base 6, what is 342143532254 - 0?
342143532254
In base 8, what is -10 - 5240514?
-5240524
In base 6, 